9
Let b(d) = 3*d**2 - 232*d - 127. Give b(78).
29
Let q(w) = 4*w**3 - 53*w**2 + 62*w + 22. Give q(12).
46
Let h(t) = 3*t**2 - 16*t + 37. Determine h(9).
136
Let q(s) = -3*s + 128. What is q(-32)?
224
Let w(r) = -r**3 + 12*r**2 - 18*r - 28. Give w(10).
-8
Let r(f) = -59*f - 680. What is r(-19)?
441
Let m(b) = -244*b**2 + 15*b - 14. Determine m(1).
-243
Let q(l) = -l**2 + 9*l + 109. Determine q(21).
-143
Let j(c) = 23*c**2 - 10*c - 153. Calculate j(3).
24
Let f(v) = v**3 + 15*v**2 - 18*v + 39. What is f(-14)?
487
Let f(x) = 162*x - 1226. What is f(8)?
70
Let m(o) = -26*o**2 - 1073*o - 285. Calculate m(-41).
2
Let l(z) = -1973*z - 3990. Calculate l(-2).
-44
Let s(w) = -w**3 + 5*w**2 - 17*w + 74. Calculate s(5).
-11
Let a(j) = 1420*j - 17018. Give a(12).
22
Let o(t) = 7*t - 95. Determine o(16).
17
Let p(r) = -46*r - 73. What is p(-1)?
-27
Let t(a) = 3*a**3 - 48*a + 211. Determine t(5).
346
Let x(n) = 1629*n + 13021. Give x(-8).
-11
Let i(l) = l**3 - 20*l**2 + 39*l - 69. Determine i(18).
-15
Let g(v) = 3*v**3 + 23*v**2 - 2*v - 6. What is g(-6)?
186
Let c(s) = -3*s**2 - 89*s + 60. Give c(-32).
-164
Let s(p) = 59*p + 234. Calculate s(-5).
-61
Let v(i) = -i**2 - 17*i - 35. Give v(-10).
35
Let r(o) = o**2 - 79*o + 1560. Determine r(42).
6
Let o(a) = -3*a**3 - 27*a**2 + 2*a + 15. Determine o(-9).
-3
Let a(t) = -24*t**2 + 50*t - 54. Determine a(1).
-28
Let o(k) = -2*k**2 + 161*k - 321. Determine o(79).
-84
Let t(l) = -l**3 + 147*l**2 + 1245*l - 795. What is t(155)?
-20
Let r(b) = b**3 + 9*b**2 - 113*b - 14. Determine r(-16).
2
Let l(u) = -2*u**2 - 693*u + 1383. Calculate l(2).
-11
Let a(b) = -106*b + 4875. What is a(45)?
105
Let n(c) = c**3 - 20*c**2 - 8*c + 149. Determine n(20).
-11
Let u(c) = c**3 - 3*c**2 + 9*c - 7. Determine u(4).
45
Let z(l) = 7*l - 382. Determine z(59).
31
Let x(l) = -l**2 - 79*l - 1520. What is x(-45)?
10
Let x(h) = h**3 - 7*h**2 + 6*h - 112. Determine x(7).
-70
Let w(p) = -2*p**2 + 611*p - 30916. What is w(64)?
-4
Let j(i) = i**3 - 39*i**2 - 84*i - 87. Give j(41).
-169
Let t(y) = -17*y**2 - 48*y - 48. Calculate t(-1).
-17
Let j(a) = -a**2 + 4*a + 25. Determine j(6).
13
Let j(w) = 45*w**2 - 233*w + 285. Give j(3).
-9
Let u(n) = -38*n - 277. Give u(-8).
27
Let y(i) = -144*i + 7. Calculate y(0).
7
Let x(t) = -37*t + 964. Calculate x(26).
2
Let d(q) = q**3 + 5*q**2 + 5*q - 4. What is d(-4)?
-8
Let r(x) = x**3 + 11*x**2 + 41*x + 54. Determine r(-10).
-256
Let t(q) = -10*q + 146. Determine t(15).
-4
Let j(m) = m**2 - 42*m + 101. Calculate j(40).
21
Let s(i) = -6*i + 12. Give s(8).
-36
Let v(d) = d**3 + 5*d**2 + 173*d + 1285. Determine v(-7).
-24
Let q(f) = 47*f**3 - 8*f**2 + 9*f - 2. Give q(1).
46
Let i(w) = -w**3 - 12*w**2 + 14*w - 176. Calculate i(-14).
20
Let m(y) = 55*y - 236. Give m(4).
-16
Let m(t) = -2*t**2 + 13*t + 27. Calculate m(-7).
-162
Let h(g) = 230*g + 22064. Determine h(-96).
-16
Let q(h) = -12*h + 25. Calculate q(-17).
229
Let q(y) = -1815*y - 63499. What is q(-35)?
26
Let w(g) = g**3 + 11*g**2 + 20*g + 36. Give w(-9).
18
Let l(p) = 27*p - 65. Calculate l(2).
-11
Let g(j) = -j**3 + 40*j**2 - 52*j + 2076. Determine g(40).
-4
Let a(r) = 14*r**2 + 7*r - 8. Determine a(-1).
-1
Let v(z) = -z**2 + 12*z + 25. What is v(-3)?
-20
Let v(c) = -c**3 - 18*c**2 - 14*c - 381. Calculate v(-19).
246
Let y(j) = 90*j**3 - 2*j**2 - 32*j + 34. Determine y(1).
90
Let v(i) = -i**2 - 173*i + 703. What is v(-177)?
-5
Let g(w) = -w**2 - 32*w - 115. Calculate g(-4).
-3
Let u(h) = 10*h**2 + 11*h - 75. Calculate u(6).
351
Let j(q) = 50*q + 2192. Calculate j(-44).
-8
Let y(q) = -80*q + 2774. Give y(35).
-26
Let n(s) = -s**3 + 22*s**2 + 17*s + 101. What is n(23)?
-37
Let y(i) = 319*i - 2910. Determine y(9).
-39
Let u(h) = -3*h**3 + 12*h**2 - 25*h + 32. What is u(3)?
-16
Let h(m) = -4*m**2 + 19*m + 54. Determine h(11).
-221
Let a(n) = -15*n**2 + 66*n + 67. Determine a(-1).
-14
Let a(z) = 98*z**2 - 203*z - 204. Give a(-1).
97
Let w(n) = 15*n - 153. What is w(9)?
-18
Let f(n) = 4*n**2 - 685*n - 6296. Determine f(180).
4
Let b(a) = -a**2 + 36*a + 2983. Give b(-39).
58
Let y(n) = -42*n + 25. What is y(3)?
-101
Let g(b) = -73*b + 34. What is g(3)?
-185
Let c(z) = z**3 - 3*z**2 + 4419*z - 13245. Give c(3).
12
Let y(r) = -2*r**2 - 18*r + 326. What is y(9)?
2
Let p(n) = -293*n + 3808. Determine p(13).
-1
Let y(v) = -2*v**3 - 390*v**2 - 778*v - 1156. What is y(-193)?
2
Let m(c) = -1685*c + 3374. Determine m(2).
4
Let i(t) = t**3 + 37*t**2 + 41*t + 1644. Give i(-37).
127
Let u(j) = 68*j - 218. Determine u(8).
326
Let p(y) = 55*y + 129. Calculate p(-3).
-36
Let l(r) = -3*r**3 + 29*r**2 - 36*r - 41. What is l(8)?
-9
Let v(w) = w**3 - 5*w**2 - 9453*w + 56682. Calculate v(6).
0
Let f(h) = -3*h**3 - 87*h**2 + 280*h - 132. Give f(-32).
124
Let w(q) = -29*q - 161. Calculate w(-6).
13
Let o(t) = t**3 - 8*t**2 - 43*t + 70. What is o(11)?
-40
Let i(h) = -9991*h + 89929. Give i(9).
10
Let t(s) = -764*s + 5347. Give t(7).
-1
Let y(m) = 2*m**2 + 14*m + 139. Calculate y(-6).
127
Let c(i) = 14*i + 236. What is c(-20)?
-44
Let r(s) = s**3 - 9*s**2 - 15*s + 94. Determine r(10).
44
Let j(p) = -p**3 - 43*p**2 - 396*p - 82. What is j(-30)?
98
Let v(m) = 16*m - 33. What is v(2)?
-1
Let d(x) = -2*x**3 + 16*x**2 + 47*x - 20. Determine d(10).
50
Let l(d) = 17*d + 389. Calculate l(-24).
-19
Let n(s) = -3*s**2 - 135*s - 898. Calculate n(-37).
-10
Let b(y) = -5*y**2 + 184*y + 170. What is b(39)?
-259
Let j(y) = y**2 - y - 2340. Determine j(-47).
-84
Let j(m) = -150*m**2 - 98*m + 199. What is j(2)?
-597
Let p(j) = 25*j - 502. What is p(39)?
473
Let g(a) = 2*a**2 - 29*a + 72. Determine g(12).
12
Let k(h) = 2*h**3 - 32*h**2 + 25*h - 21. Calculate k(15).
-96
Let a(c) = -3*c**2 - 18*c - 18. What is a(-10)?
-138
Let x(s) = -26*s - 127. Determine x(-12).
185
Let i(o) = 14*o**2 + 146*o + 223. What is i(-9)?
43
Let l(v) = -v**3 - 4*v**2 + 440*v - 28. Determine l(19).
29
Let j(k) = -10*k**3 - 71*k**2 + 2*k - 9. Calculate j(-7).
-72
Let i(n) = -61*n - 563. Calculate i(-9).
-14
Let g(o) = o**3 - 3*o**2 - 20*o + 121. What is g(0)?
121
Let t(d) = 6*d**2 - 296*d - 1784. Give t(-6).
208
Let t(a) = 17*a - 49. What is t(5)?
36
Let h(n) = 3*n**2 + 265*n - 1630. Give h(6).
68
Let q(m) = -7*m**3 + 1475*m**2 + 415*m + 1466. What is q(211)?
-11
Let n(h) = 2*h**2 + 9*h - 1102. Calculate n(-25).
-77
Let z(g) = -254*g - 4561. What is z(-18)?
11
Let f(i) = 34*i**3 - 27*i**2 - 3. Give f(2).
161
Let v(g) = g**3 + 19*g**2 - 124*g - 80. What is v(-24)?
16
Let v(z) = z**2 + 85*z + 1539. Calculate v(-59).
5
Let y(g) = 7*g**3 + g**2 - 171*g - 172. What is y(-1)?
-7
Let r(n) = -23*n - 180. Determine r(-7).
-19
Let l(c) = 62*c + 8. Give l(8).
504
Let x(c) = 11*c**2 - 203*c + 203. Give x(1).
11
Let p(l) = 274*l - 17519. What is p(64)?
17
Let q(g) = 52*g - 1525. Give q(35).
295
Let x(h) = -27*h + 171. Give x(-4).
279
Let t(w) = -w**3 - 14*w**2 + 23*w - 5. Determine t(2).
-23
Let t(n) = 127*n - 1024. What is t(9)?
119
Let p(u) = u**2 - 141*u + 2710. Give p(118).
-4
Let m(v) = 10*v**3 + 45*v**2 - 32*v - 41. Give m(-5).
-6
Let j(r) = 43*r - 235. What is j(14)?
367
Let g(z) = -4*z + 65. Determine g(-6).
89
Let f(d) = 15*d - 212. Give f(14).
-2
Let w(h) = 120*h + 5077. Give w(-42).
37
Let x(l) = 250*l - 2010. What is x(7)?
-260
Let c(s) = s**2 + 105*s + 290. Calculate c(-3).
-16
Let n(s) = s**2 + 87*s + 1881. What is n(-41)?
-5
Let t(j) = 26*j - 83. Calculate t(10).
177
Let k(n) = n**2 + 31*n + 99. Calculate k(-21).
-111
Let m(c) = 282*c + 3372. Calculate m(-12).
-12
Let z(a) = 3*a**2 - 26*a + 46. Determine z(2).
6
Let l(t) = 3*t**2 - 223*t + 501. Give l(72).
-3
Let l(w) = 2*w**3 + 5*w**2 + 15*w - 15. Calculate l(5).
435
Let l(z) = z**2 + 210*z - 221302. Give l(377).
-3
Let q(a) = -76*a + 8504. What is q(112)?
-8
Let l(w) = w**3 + 10*w**2 - 45*w + 146. Give l(-14).
-8
Let q(a) = -a**2 - 33*a + 82. Determine q(-38).
-108
Let s(t) = -t**3 - 18*t**2 + 30*t + 194. What is s(-19)?
-15
Let x(t) = t**3 + 14*t**2 - 27*t - 18. What is x(-16)?
-98
Let k(n) = n**2 + 139*n + 1859. Calculate k(-15).
-1
Let a(y) = -21*y**3 + y**2 + 7*y - 8. What is a(2)?
-158
Let h(z) = -3*z**2 - 182*z - 2676. What is h(-36)?
-12
Let y(b) = -b**3 - 10*b**2 - 16*b - 257. Give y(-9).
-194
Let w(o) = 378*o + 43855. What is w(-116)?
7
Let w(c) = -73*c - 6208